ase 14) in base 11?
4a
What is 1a (base 12) in base 5?
42
What is 17 (base 8) in base 11?
14
-50 (base 13) to base 3
-2102
What is 100 (base 2) in base 7?
4
Convert -1a (base 14) to base 3.
-220
Convert -105 (base 10) to base 14.
-77
Convert 168 (base 11) to base 6.
523
204 (base 5) to base 3
2000
What is -22 (base 6) in base 10?
-14
Convert 11 (base 8) to base 4.
21
Convert -1 (base 16) to base 9.
-1
-2 (base 14) to base 15
-2
-2 (base 12) to base 7
-2
What is 28 (base 12) in base 2?
100000
What is 21 (base 13) in base 5?
102
What is 142 (base 9) in base 10?
119
Convert -101 (base 3) to base 6.
-14
Convert -50 (base 13) to base 3.
-2102
251 (base 6) to base 9
124
What is -12 (base 3) in base 2?
-101
42 (base 10) to base 7
60
What is 1111001 (base 2) in base 10?
121
-8 (base 12) to base 15
-8
-142 (base 5) to base 10
-47
Convert 50 (base 12) to base 13.
48
What is 22 (base 16) in base 5?
114
Convert -1b (base 16) to base 11.
-25
What is -41 (base 6) in base 16?
-19
-107 (base 9) to base 5
-323
Convert 0 (base 16) to base 9.
0
21 (base 16) to base 13
27
What is -1000 (base 2) in base 6?
-12
Convert 6 (base 16) to base 2.
110
What is 3 (base 15) in base 3?
10
What is 2 (base 9) in base 13?
2
-24 (base 6) to base 3
-121
13 (base 4) to base 13
7
Convert -6 (base 12) to base 13.
-6
What is 233 (base 4) in base 15?
32
-130 (base 6) to base 4
-312
What is 11 (base 4) in base 16?
5
Convert -2 (base 4) to base 16.
-2
What is -f (base 16) in base 4?
-33
What is -11 (base 3) in base 14?
-4
-21 (base 12) to base 7
-34
1022 (base 3) to base 12
2b
What is -21 (base 16) in base 10?
-33
What is -145 (base 9) in base 14?
-8a
-9b (base 14) to base 16
-89
What is 4 (base 13) in base 10?
4
-3b (base 12) to base 6
-115
Convert 11 (base 16) to base 4.
101
-243 (base 7) to base 6
-333
Convert -3 (base 13) to base 8.
-3
2 (base 6) to base 10
2
-112 (base 7) to base 12
-4a
-12 (base 9) to base 3
-102
What is -a (base 11) in base 2?
-1010
Convert 15 (base 14) to base 2.
10011
4 (base 6) to base 11
4
Convert -3 (base 15) to base 11.
-3
Convert -3 (base 12) to base 6.
-3
Convert -136 (base 7) to base 5.
-301
111100 (base 2) to base 3
2020
-1 (base 10) to base 14
-1
What is -16 (base 12) in base 7?
-24
Convert -1111 (base 2) to base 8.
-17
What is -3 (base 16) in base 10?
-3
What is 0 (base 15) in base 13?
0
What is -20 (base 3) in base 2?
-110
-1 (base 10) to base 3
-1
What is 66 (base 11) in base 6?
200
-37 (base 15) to base 3
-1221
-33 (base 5) to base 16
-12
-4 (base 12) to base 16
-4
What is -322 (base 4) in base 2?
-111010
Convert 100000 (base 2) to base 16.
20
What is -11 (base 15) in base 6?
-24
-21 (base 9) to base 10
-19
21 (base 3) to base 8
7
What is a (base 12) in base 5?
20
What is -4 (base 11) in base 3?
-11
-11 (base 6) to base 12
-7
What is -4 (base 14) in base 5?
-4
What is 25 (base 7) in base 10?
19
Convert 10010 (base 2) to base 5.
33
What is -14 (base 16) in base 5?
-40
Convert -74 (base 16) to base 15.
-7b
Convert -158 (base 12) to base 16.
-d4
-5 (base 8) to base 14
-5
101011 (base 2) to base 9
47
Convert 10 (base 7) to base 4.
13
Convert -3 (base 4) to base 3.
-10
-25 (base 6) to base 13
-14
-11 (base 8) to base 16
-9
What is 0 (base 4) in base 12?
0
Convert -1 (base 14) to base 10.
-1
Convert -15 (base 6) to base 14.
-b
1 (base 6) to base 5
1
Convert -14 (base 15) to base 10.
-19
Convert 33 (base 11) to base 15.
26
What is 11 (base 3) in base 16?
4
What is -4 (base 13) in base 7?
-4
Convert -87 (base 11) to base 7.
-164
What is 9 (base 13) in base 5?
14
Convert 2 (base 12) to base 15.
2
Convert 22 (base 6) to base 12.
12
What is -61 (base 7) in base 5?
-133
Convert -3 (base 4) to base 10.
-3
Convert -7a (base 15) to base 10.
-115
13 (base 4) to base 11
7
Convert -243 (base 6) to base 13.
-78
What is -5 (base 11) in base 16?
-5
Convert 157 (base 9) to base 2.
10000101
What is 3 (base 7) in base 15?
3
1 (base 10) to base 7
1
Convert 0 (base 4) to base 16.
0
-74 (base 8) to base 9
-66
Convert 74 (base 15) to base 4.
1231
What is -15 (base 10) in base 8?
-17
What is 4 (base 14) in base 11?
4
33 (base 8) to base 4
123
Convert -2121 (base 3) to base 15.
-4a
-2 (base 7) to base 10
-2
-2 (base 5) to base 9
-2
Convert 77 (base 9) to base 2.
1000110
What is 1 (base 14) in base 12?
1
What is -3 (base 14) in base 4?
-3
4 (base 10) to base 3
11
-20 (base 3) to base 2
-110
What is 0 (base 6) in base 10?
0
Convert -1011 (base 2) to base 5.
-21
Convert -302 (base 5) to base 4.
-1031
-10202 (base 3) to base 9
-122
14 (base 9) to base 8
15
Convert 12 (base 4) to base 16.
6
-2 (base 9) to base 10
-2
Convert -2 (base 13) to base 7.
-2
What is 140 (base 12) in base 10?
192
What is 13a (base 14) in base 11?
206
Convert 3 (base 16) to base 14.
3
What is -15 (base 9) in base 13?
-11
What is -1110101 (base 2) in base 12?
-99
aa (base 12) to base 16
82
What is -22 (base 14) in base 15?
-20
What is -3 (base 12) in base 4?
-3
What is -12 (base 9) in base 12?
-b
What is 1 (base 14) in base 2?
1
What is a (base 12) in base 2?
1010
Convert a5 (base 12) to base 2.
1111101
What is 215 (base 6) in base 12?
6b
Convert 3 (base 16) to base 2.
11
Convert 2 (base 7) to base 14.
2
-38 (base 14) to base 11
-46
-2 (base 10) to base 12
-2
What is -69 (base 12) in base 3?
-10000
Convert -6 (base 12) to base 15.
-6
Convert 2 (base 15) to base 4.
2
1354 (base 6) to base 8
546
-1001 (base 2) to base 13
-9
Convert -20 (base 4) to base 15.
-8
What is 56 (base 8) in base 16?
2e
Convert 1100010 (base 2) to base 9.
118
What is -2 (base 15) in base 2?
-10
-c (base 14) to base 4
-30
-6d (base 14) to base 5
-342
-e (base 15) to base 5
-24
What is -3 (base 7) in base 3?
-10
6 (base 15) to base 5
11
Convert -11 (base 7) to base 3.
-22
What is -1 (base 7) in base 16?
-1
Convert 4 (base 13) to base 2.
100
Convert -3 (base 5) to base 10.
-3
What is 1 (base 9) in base 10?
1
Convert -3 (base 11) to base 14.
-3
Convert -1 (base 15) to base 5.
-1
What is -14c (base 15) in base 12?
-209
-24 (base 8) to base 14
-16
Convert -59 (base 13) to base 5.
-244
What is 11 (base 2) in base 7?
3
15 (base 11) to base 10
16
-2 (base 15) to base 8
-2
Convert 1 (base 5) to base 7.
1
-10 (base 3) to base 8
-3
Convert 0 (base 15) to base 13.
0
What is 110 (base 4) in base 12?
18
What is -2 (base 15) in base 10?
-2
What is -42 (base 7) in base 14?
-22
Convert -51 (base 9) to base 6.
-114
Convert -21 (base 6) to base 13.
-10
What is 188 (base 11) in base 13?
139
What is -8 (base 9) in base 8?
-10
What is 78 (base 12) in base 9?
112
What is 2 (base 9) in base 7?
2
Convert -24 (base 9) to base 3.
-211
What is 2 (base 12) in base 15?
2
Convert -5 (base 13) to base 9.
-5
Convert 5 (base 6) to base 11.
5
Convert -1 (base 2) to base 6.
-1
Convert -6 (base 15) to base 10.
-6
19 (base 12) to base 6
33
-1000 (base 5) to base 4
-1331
What is -31 (base 4) in base 10?
-13
2 (base 14) to base 13
2
-71 (base 14) to base 12
-83
What is 1010 (base 3) in base 8?
36
89 (base 16) to base 10
137
-233 (base 12) to base 8
-507
0 (base 2) to base 5
0
What is 220 (base 8) in base 10?
144
35 (base 13) to base 10
44
What is -1 (base 3) in base 5?
-1
What is 98 (base 13) in base 2?
1111101
What is 55 (base 6) in base 8?
43
What is 4 (base 11) in base 13?
4
Convert -e0 (base 15) to base 11.
-181
Convert 12 (base 7) to base 5.
14
35 (base 8) to base 2
11101
What is -8e (base 16) in base 10?
-142
What is -6 (base 13) in base 14?
-6
What is 11 (base 5) in base 13?
6
Convert -1 (base 12) to base 2.
-1
-12 (base 4) to base 7
-6
What is -1 (base 9) in base 10?
-1
56 (base 7) to base 9
45
Convert -9 (base 14) to base 10.
-9
Convert -31 (base 4) to base 16.
-d
What is -10 (base 7) in base 13?
-7
202 (base 5) to base 15
37
-1 (base 15) to base 11
-1
-161 (base 8) to base 9
-135
2112 (base 3) to base 14
4c
Convert 1 (base 15) to base 5.
1
What is 1011 (base 2) in base 8?
13
What is -11 (base 3) in base 6?
-4
14 (base 6) to base 14
a
-15 (base 15) to base 7
-26
-5 (base 14) to base 3
-12
-5 (base 9) to base 13
-5
What is -2 (base 6) in base 11?
-2
-19 (base 13) to base 4
-112
Convert 132 (base 6) to base 14.
40
1313 (base 6) to base 2
101001101
111 (base 16) to base 2
100010001
What is -1000 (base 3) in base 13?
-21
What is 1 (base 10) in base 12?
1
2 (base 15) to